e (17/(-2))/((-32)/64). What is the greatest common factor of 68 and y?
17
Suppose -2*g - 10 + 0 = 0. Let m(v) = 2*v**2 + 6*v - 3. Let d be m(g). Let x = 107 + 12. What is the highest common divisor of d and x?
17
Let k be (-1)/(-5) + 6478/10. Calculate the greatest common divisor of k and 8.
8
Let o = -121 - -149. Calculate the highest common divisor of 28 and o.
28
Let v(o) = 11*o**3 + 7*o**2 - 10*o + 3. Suppose 4*l + 26 - 2 = 4*t, 5*t = -l + 6. Let s be v(t). What is the greatest common factor of 22 and s?
11
Let f = 91 - 189. Let d = 140 + f. What is the highest common divisor of d and 28?
14
Let d be -1 + -2 + 22 + 2. Suppose 4*a - 113 = 643. Calculate the highest common factor of a and d.
21
Suppose 4*p - 1 = 2*p - 5*j, -4*p + j = -13. Suppose 73 + 8 = p*a. Let q = 34 - a. What is the highest common factor of q and 77?
7
Let v be ((-6)/24 - 28/16)*-12. What is the highest common factor of 16 and v?
8
Let x be (-10)/(-45) + 2/(-9). Suppose x = -2*t + 10, m - 103 = -7*t + 4*t. What is the highest common factor of m and 8?
8
Let t(o) = -9*o + 49. Let u be t(-35). What is the greatest common factor of 28 and u?
28
Let w(g) = -g**3 + 8*g**2 - 3*g + 9. Let z be w(6). Let y(f) = -3*f + 251. Let x be y(79). Calculate the highest common divisor of z and x.
7
Let w be (-2)/(-10) + 216/45. Suppose -3*t + 288 = -5*g, -w*t = -t + 3*g - 355. Calculate the greatest common factor of t and 13.
13
Let p = 255 - 204. Let d = 87 + -53. What is the greatest common factor of d and p?
17
Let o be 138/4*36/18. Calculate the greatest common divisor of 92 and o.
23
Suppose -s - s = -30. Let h be (-2)/(-5)*s/1. Let f be 8/6*(-180)/(-8). Calculate the greatest common divisor of f and h.
6
Let c be ((-3)/(-10)*-6 + -6)*-5. What is the highest common divisor of 949 and c?
13
Let x be 3*26/6*-1. Let j(p) = -2*p - 15. Let z be j(x). Let c = z - 1. Calculate the greatest common factor of 30 and c.
10
Suppose -2*b + 58 = -2. Let p = -35 - -305. Calculate the greatest common divisor of p and b.
30
Suppose 3*l = -6*l + 9. Let r be 8 + -7 - -40*l. Calculate the greatest common divisor of r and 205.
41
Let l = 56 + -54. Let u(h) = 5*h**3 - h**2 - 3*h + 2. Let y be u(l). Calculate the greatest common divisor of 64 and y.
32
Suppose 0 = 65*l - 2021 + 591. What is the highest common factor of l and 66?
22
Let n(l) = -3*l - 6. Let w be n(-4). Suppose 4*h - 6 = w. Suppose -49 = -h*f + 8. Calculate the greatest common factor of f and 95.
19
Let x(w) = w**2 + 7*w - 25. Let m be x(-10). Calculate the greatest common factor of m and 2.
1
Let c = -35 + 37. Suppose -4*y + 5*n + 132 = 0, -3*y + 3*n + 165 = c*y. Calculate the greatest common divisor of y and 11.
11
Let u = 14 - 10. Let c(f) = -f**3 - 20*f**2 + 2. Let l be c(-20). Let w(j) = j**2 - j + 4. Let y be w(l). What is the highest common factor of u and y?
2
Let j be (-15)/2*56/(-12). What is the highest common factor of 175 and j?
35
Let r = 15 - -10. Suppose -4*d + 24 - 4 = 0, 5*o - 235 = 3*d. What is the highest common divisor of r and o?
25
Suppose 0 = 4*y - 4*b - 1772, 3*y + 4*b - 2090 = -733. Let v = -245 + y. Let f = v + -92. What is the highest common divisor of f and 22?
22
Let p(a) be the first derivative of a**2 - a + 4. Let o be (20/(-12))/((-1)/3). Let j be p(o). What is the greatest common factor of j and 63?
9
Let f = 425 - 302. Suppose -164 = 2*q - 6*q. What is the greatest common divisor of q and f?
41
Let l = 464 + -156. Suppose -3*u = u - l. Suppose -r + 14 + u = -5*c, c = -5*r + 325. Calculate the greatest common divisor of r and 6.
6
Let m(w) = 21*w**2 + 2*w - 1. Let j = -28 - -20. Let d be 18/(-54) + j/(-6). Let k be m(d). What is the greatest common factor of 2 and k?
2
Suppose 53*q - 36 = -3*n + 55*q, 20 = n + 2*q. Calculate the highest common divisor of 931 and n.
7
Suppose 4*w - 12 = -5*x + 135, -3*x = -3*w - 72. What is the highest common divisor of 54 and x?
27
Suppose -g - 17 = -0*g + 5*i, i = 2*g + 1. Let a be g/(-4)*(9 - 7). What is the highest common factor of 4 and a?
1
Let b be -4*(-14)/4 - -1. Let p be 1*3*440/b. Let j(a) = 2*a**3 + 9*a**2 + 10*a + 14. Let d be j(-3). What is the highest common divisor of d and p?
11
Suppose 1268*a = 1273*a - 7245. What is the highest common factor of 21 and a?
21
Let t(r) = -3*r + 6. Let b be t(4). Let k(f) = 2*f + 3. Let w(h) = -h. Let y(i) = k(i) + 3*w(i). Let j be y(b). What is the highest common factor of 6 and j?
3
Let b = 191 - 53. Suppose 3*x - b = -3*r, -x + 5*r = -4*x + 148. Suppose 0 = -4*g + 79 + x. What is the greatest common factor of g and 6?
6
Let w = 892 - 716. What is the greatest common factor of 55 and w?
11
Let u be 1 - (1 - (-8)/(-4)). Suppose -u*s - 15 = 4*q - 5*s, s = 5*q + 5. Let a be (-308)/(-7) + q/2. What is the highest common factor of 4 and a?
4
Suppose w = z + 94, -4*z + 7*z = -6. Suppose 0 = -4*a - u + w, -7*a + 2*a = -3*u - 98. What is the highest common divisor of 33 and a?
11
Let r = 1167 - 1118. Calculate the greatest common factor of r and 56.
7
Let q be (((3 - 3)/(-1))/(-2))/(-1). Suppose q = 3*g - 2*g - 11. What is the greatest common divisor of 55 and g?
11
Let m be 21/(-14)*8/6. Let p(q) = q**2 - 4*q - 3. Let t be p(m). Calculate the greatest common factor of t and 9.
9
Let a be (-3)/4*976/(-4). Suppose a = f - 2*b - 113, 0 = -5*b - 15. Let l = 470 - f. What is the highest common divisor of l and 20?
20
Let q = -269 - -351. Suppose 5*w - 5*z = -305, w - z + 3*z + 52 = 0. Let c = q + w. Calculate the highest common divisor of c and 3.
3
Let l = 75 + 25. Let h be ((-6)/5)/(96/l + -1). Calculate the greatest common divisor of h and 10.
10
Let n(i) = i**2 - 7*i + 8. Let r be n(6). Suppose 62 = 3*b - d, r*b - d - 40 = d. Calculate the greatest common divisor of b and 3.
3
Let i be ((-20)/(-7))/((-738)/63 + 12). Calculate the greatest common divisor of i and 40.
10
Let r(a) = -79*a + 82. Let l be r(-10). What is the greatest common divisor of l and 16?
8
Let c be (-8)/(1 + (0 - 2)). Suppose 2*w - w = c. Let s be w*(13 + (-12)/4). Calculate the greatest common divisor of 16 and s.
16
Suppose 196 = 20*u - 344. Calculate the greatest common divisor of u and 216.
27
Let s(b) = b**3 - 5*b**2 + 4*b + 4. Let g be s(4). Suppose 0 = g*j - 88 - 212. Calculate the highest common factor of j and 50.
25
Let c = 2478 - 1301. Calculate the highest common factor of 11 and c.
11
Let y be (-3 + (12 - 7))/(4/10). Calculate the greatest common factor of y and 170.
5
Let f(k) = -2*k + 4*k + 35*k**2 + 1 - 3*k. Let z be f(1). Calculate the highest common divisor of 5 and z.
5
Suppose -3*z = 11 - 71. What is the highest common factor of 5 and z?
5
Suppose 4*d + 1494 = 2*b, -456 = -b - 3*d + 266. What is the greatest common factor of b and 67?
67
Let g(y) = -6*y**2 - 82*y + 28. Let z be g(-13). Calculate the highest common divisor of z and 240.
80
Let u be 1*((-7090)/(-30) - (-4)/6). Let x = -163 + u. Calculate the greatest common factor of x and 185.
37
Let q be 40 - 12 - (-10)/5. What is the greatest common divisor of 495 and q?
15
Suppose -5 + 20 = 5*t. Suppose w = -5*o + 5*w + 9, -o + 17 = t*w. Calculate the highest common divisor of o and 40.
5
Let w be (-244)/(-11) - (-7)/(-231)*6. Calculate the greatest common divisor of w and 506.
22
Let f be ((-6)/(-4))/((-1)/(-2)). Suppose 2*d = -f*d + 560. Suppose 0 = i - 5*i + d. What is the highest common divisor of i and 28?
28
Let a = 1206 - 1192. Let d be 2 + (0 - 0) + -12. Let r be 5*((-8)/d + 2). What is the highest common divisor of a and r?
14
Let d(q) = q**2 - 12*q + 25. Let p be d(10). Suppose 0 = 2*o - p*x, 3*o + 0*x - 5*x - 10 = 0. What is the highest common divisor of 4 and o?
2
Suppose 5*b = -4*w + 74, -2*w + 22 = 2*b - 7*b. Let g be 33/(-11) + 1*5. Let s be g - 4/(-2)*63. Calculate the greatest common factor of w and s.
16
Suppose b = -3*c + 17, 4*b - c = -0 + 3. Suppose 23 = -g + b*g. What is the greatest common factor of g and 161?
23
Suppose -7 = -b - 3. Suppose -b*f = -0*f + 24. Let y be (f + 0)/((-15)/40). What is the highest common divisor of y and 2?
2
Let o = 1 + 15. Let a = -20 - -22. Let v(u) = u**3 + 2*u**2. Let f be v(a). What is the highest common divisor of f and o?
16
Let r be 9270/19 + 132/1254. Calculate the greatest common factor of r and 61.
61
Let l(u) = 4*u + 28. Let